?
8
What is the greatest common factor of 14 and 133?
7
What is the greatest common factor of 24 and 186?
6
Calculate the highest common factor of 91 and 861.
7
What is the highest common factor of 5555 and 55?
55
What is the highest common divisor of 368 and 115?
23
Calculate the greatest common divisor of 163 and 1304.
163
Calculate the greatest common factor of 7685 and 145.
145
Calculate the greatest common divisor of 24 and 2892.
12
What is the greatest common divisor of 135 and 315?
45
What is the highest common factor of 15925 and 39?
13
Calculate the greatest common factor of 121 and 473.
11
Calculate the highest common factor of 747 and 415.
83
Calculate the highest common factor of 123 and 3567.
123
What is the highest common factor of 12595 and 110?
55
What is the highest common divisor of 7271 and 11?
11
What is the greatest common factor of 40861 and 29?
29
Calculate the highest common factor of 54 and 72.
18
Calculate the highest common factor of 14837 and 111.
37
What is the highest common divisor of 62 and 434?
62
What is the greatest common divisor of 108 and 204?
12
Calculate the greatest common divisor of 1509 and 3.
3
What is the highest common divisor of 1872 and 3978?
234
What is the greatest common factor of 25 and 35?
5
What is the greatest common factor of 72 and 888?
24
Calculate the greatest common factor of 154 and 28.
14
Calculate the highest common factor of 1178 and 57.
19
What is the greatest common factor of 335 and 5?
5
Calculate the highest common factor of 1216 and 57.
19
What is the greatest common divisor of 50 and 18?
2
Calculate the highest common factor of 62 and 1829.
31
Calculate the highest common factor of 108 and 96.
12
Calculate the highest common divisor of 88 and 128.
8
What is the greatest common divisor of 116 and 290?
58
What is the greatest common divisor of 85 and 17?
17
Calculate the greatest common factor of 124 and 12.
4
What is the greatest common divisor of 27 and 249?
3
Calculate the highest common factor of 92 and 20.
4
Calculate the highest common factor of 11 and 11.
11
What is the highest common factor of 15 and 120?
15
Calculate the highest common factor of 68 and 153.
17
Calculate the greatest common factor of 9 and 3.
3
Calculate the greatest common divisor of 105 and 42.
21
What is the greatest common divisor of 27392 and 321?
107
What is the highest common divisor of 68 and 1853?
17
What is the greatest common divisor of 174 and 145?
29
What is the highest common factor of 3483 and 645?
129
What is the highest common divisor of 750 and 10?
10
What is the greatest common divisor of 207 and 138?
69
Calculate the greatest common factor of 99 and 22.
11
Calculate the greatest common factor of 10 and 24.
2
Calculate the highest common factor of 130 and 530.
10
What is the greatest common divisor of 636 and 10918?
106
Calculate the highest common divisor of 53 and 34927.
53
Calculate the greatest common factor of 88 and 330.
22
Calculate the highest common divisor of 2 and 838.
2
What is the highest common factor of 1971 and 297?
27
What is the greatest common factor of 6 and 74?
2
Calculate the highest common divisor of 60 and 804.
12
Calculate the highest common factor of 26482 and 2.
2
Calculate the highest common factor of 116482 and 278.
278
Calculate the highest common divisor of 4982 and 188.
94
What is the highest common divisor of 37 and 5217?
37
Calculate the greatest common factor of 284 and 4.
4
Calculate the highest common factor of 60 and 24.
12
Calculate the greatest common divisor of 1 and 211.
1
What is the highest common divisor of 117 and 221?
13
What is the highest common divisor of 369 and 164?
41
Calculate the greatest common divisor of 9 and 18.
9
Calculate the highest common divisor of 20 and 270.
10
Calculate the greatest common factor of 28 and 30898.
14
What is the greatest common factor of 108 and 2040?
12
Calculate the greatest common divisor of 1189 and 609.
29
Calculate the highest common factor of 230 and 138.
46
What is the highest common divisor of 889 and 127?
127
What is the greatest common factor of 120 and 24?
24
Calculate the greatest common factor of 101 and 1.
1
Calculate the highest common divisor of 460 and 161.
23
Calculate the highest common factor of 960 and 30.
30
Calculate the highest common factor of 54 and 6.
6
Calculate the greatest common divisor of 95 and 15.
5
Calculate the highest common factor of 96 and 9.
3
What is the greatest common divisor of 8 and 56?
8
What is the highest common factor of 432 and 16?
16
What is the highest common divisor of 110 and 3465?
55
Calculate the greatest common factor of 524 and 1441.
131
Calculate the greatest common factor of 173 and 1.
1
Calculate the highest common factor of 612 and 20.
4
What is the highest common divisor of 12 and 11028?
12
What is the greatest common divisor of 1333 and 31?
31
What is the highest common divisor of 28 and 13391?
7
What is the greatest common factor of 5306 and 154?
14
What is the greatest common factor of 3672 and 340?
68
What is the greatest common factor of 220 and 160?
20
Calculate the greatest common factor of 48 and 13488.
48
Calculate the highest common factor of 12 and 384.
12
Calculate the greatest common divisor of 869 and 33.
11
Calculate the greatest common divisor of 26809 and 1615.
323
Calculate the greatest common factor of 10 and 410.
10
What is the greatest common divisor of 11 and 20020?
11
Calculate the greatest common factor of 34 and 2805.
17
Calculate the highest common divisor of 1507 and 11.
11
What is the greatest common factor of 39 and 507?
39
Calculate the greatest common divisor of 187 and 275.
11
What is the highest common divisor of 52 and 52?
52
Calculate the highest common divisor of 105 and 6195.
105
What is the highest common divisor of 247 and 38?
19
Calculate the greatest common divisor of 158 and 395.
79
Calculate the greatest common factor of 176 and 1168.
16
What is the highest common factor of 121 and 11?
11
Calculate the highest common divisor of 216 and 144.
72
What is the highest common factor of 323 and 38?
19
Calculate the greatest common divisor of 41 and 5617.
41
Calculate the greatest common factor of 20 and 3380.
20
Calculate the highest common factor of 91 and 13559.
91
What is the greatest common divisor of 1710 and 3230?
190
What is the highest common divisor of 66 and 264?
66
Calculate the greatest common divisor of 187 and 11.
11
Calculate the greatest common divisor of 882 and 27.
9
What is the highest common divisor of 350 and 20?
10
What is the highest common factor of 3 and 14?
1
Calculate the greatest common factor of 544 and 51.
17
Calculate the highest common factor of 80 and 5.
5
Calculate the greatest common divisor of 49 and 11907.
49
Calculate the highest common factor of 224 and 14.
14
Calculate the greatest common divisor of 247 and 39.
13
Calculate the greatest common divisor of 275 and 11.
11
What is the highest common factor of 147 and 3?
3
What is the highest common divisor of 1580 and 100?
20
Calculate the highest common divisor of 8525 and 220.
55
What is the greatest common factor of 384 and 12?
12
Calculate the highest common divisor of 42617 and 19.
19
What is the greatest common divisor of 1365 and 315?
105
What is the highest common factor of 4884 and 11?
11
Calculate the greatest common divisor of 76 and 27.
1
Calculate the highest common divisor of 378 and 54.
54
Calculate the highest common divisor of 1472 and 200.
8
What is the highest common divisor of 5605 and 95?
95
Calculate the highest common factor of 117 and 325.
13
Calculate the greatest common divisor of 288 and 384.
96
Calculate the greatest common factor of 635 and 25.
5
Calculate the highest common factor of 105 and 14511.
21
Calculate the highest common factor of 12 and 48.
12
What is the greatest common divisor of 160 and 1632?
32
What is the greatest common factor of 2852 and 92?
92
What is the greatest common factor of 247 and 455?
13
What is the highest common divisor of 133 and 18107?
19
Calculate the greatest common divisor of 798 and 189.
21
What is the greatest common divisor of 1620 and 300?
60
What is the greatest common factor of 3531 and 165?
33
Calculate the greatest common divisor of 735 and 15